14 - 26) + 10?
9
Calculate -5 - (13 + -12 + -8).
2
Evaluate (10 - 3) + -56 + 38 + 1.
-10
Evaluate -7 - (5 + 3) - (-7 + -5).
-3
What is 21 - (-16 - (-27 - -10))?
20
Calculate -7 - -15 - (1 + (-4 - -4)).
7
Evaluate -5 + 3 + 2 + 2.
2
What is the value of -3 - (6 + (1 - 7 - -5) + -3)?
-5
Evaluate -46 - -62 - (7 - 0).
9
Evaluate 12 - ((35 - 15) + -23).
15
1 + 51 + (130 - 142)
40
Calculate -1 + (-1 - (-6 - 0) - 9).
-5
Calculate (0 - (3 - 10)) + (-44 - -36).
-1
What is the value of 9 + 1 - (117 + -112) - 21?
-16
Calculate 1 + -5 + 15 + -1 - (-5 + 3).
12
What is the value of (0 - -1) + -7 + (-10 - -10) + 6?
0
Evaluate -24 + (-20 - (-62 - -26)).
-8
What is -29 - ((-8 - (19 + -26)) + -7 + 1)?
-22
-9 + -22 - (-2 - 18)
-11
What is -4 + 5 - (211 - 225)?
15
Calculate (22 - (-4 + -5 + 13)) + -25.
-7
What is (-11 - ((9 - 9) + -6)) + 18 + -1?
12
What is the value of -9 - (0 + 2 + -1) - (1020 - 1012)?
-18
What is the value of 1 - 3 - 4 - 2?
-8
What is the value of 0 - (0 - (4 + 4 + -13))?
-5
What is the value of 17 + 0 + -1 - (15 + 8 + -34)?
27
54 - 67 - (4 + (-1 - 0))
-16
What is the value of 29 + 0 - (55 + (-52 - -12))?
14
Calculate 5 - 7 - -7 - (-2 - 2) - 2.
7
What is -51 + 14 + -8 + -118 + 122?
-41
Calculate -1 + 6 - (-60 + 46 + 25).
-6
Calculate (-2 - (-16 - -22)) + (0 - (-12 + -5)).
9
9 - (-13 + (24 - -9) + 0)
-11
What is -2 + (-9 - -17 - -1) - (0 + -12)?
19
What is the value of -16 - (-3 - -2 - 9) - -18?
12
Evaluate (-2503 - -2506) + 13 + (0 - 0).
16
Evaluate -47 - (9 + (4 - 30)).
-30
Calculate (7 + 8 - 5) + 27 + -31.
6
Calculate -42 - (-6 - -25 - 42).
-19
What is the value of (36 - 4 - 13) + -17?
2
-5 - (1 + (-6 - -13))
-13
Calculate -5 - -1 - (10 - (-14 - -15)).
-13
Calculate 9 + -1 - (-8 + 38 + -33).
11
What is the value of -16 + 11 + -11 + (-7 - (5 + -5))?
-23
What is -9 + 8 + (6 - -12)?
17
What is the value of -31 - ((4 - (-17 - -25)) + 4)?
-31
What is -116 - -120 - (4 + -2 - 3)?
5
What is the value of -5 + 13 + -13 - 3?
-8
What is (-11 - -5 - 5) + (84 - 91)?
-18
Evaluate 82 + -106 + (4 - -14) + (0 - -3).
-3
What is -17 + 9 + 1 + (-1 - -2)?
-6
Evaluate (5 - -1) + -7 - (-4 + -2 + -8).
13
Evaluate 2 + -9 + 10 + -8.
-5
What is (-4 - (-5 - 2)) + 27 + -33?
-3
Evaluate 7 + 5 - 7 - (10 + -1).
-4
What is -15 + 5 + -18 + 11?
-17
Calculate -5 + (26 + (4 - 8) - 5).
12
Calculate (-1 - (-9 - 3 - -4)) + -7.
0
-8 - (2 + (3 + -20 - -7) + 7)
-7
What is the value of 25 + -13 + (0 - -9 - 6) + -4?
11
Evaluate (-17 - (-2 - -3)) + 674 + -665.
-9
4 + -3 + 10 + -1 + -28
-18
What is 46 + -43 - (6 - 4)?
1
Evaluate -7 - (19 + -2 + -3 + 2).
-23
What is 2 - (10 + -11 - (-10 - 2))?
-9
What is the value of -35 + 38 + 2 + -2 - -3?
6
Calculate -2 + -3 + (11 + -16 - 2).
-12
-10 - (10 - (-18 + 10 - -13))
-15
Calculate 10 + (-6 + 6 - 6) + -2 - 8.
-6
Evaluate (5 - 14) + (138 - 106).
23
What is -22 + 28 - -9 - (10 - 1)?
6
Evaluate 1 + -13 - (-5 + -6 + -7).
6
Evaluate (-1 - 0) + -8 - (-33 + 2) - 4.
18
What is the value of -1 + 7 + (4 - (0 - -7))?
3
Evaluate (-2 - 7) + -44 + 58 + (1 - -1).
7
Calculate (-6 - (19 - 17)) + 1 + -3.
-10
What is -38 - 1 - (207 + -243)?
-3
-8 - ((10 - 22) + 2)
2
What is -50 + 68 + -9 + 1?
10
(-10 - (1 - (5 - -1))) + -32 - -8
-29
What is the value of -2 - 15 - (-45 + 28)?
0
Evaluate -35 - (-63 + 12 - -13).
3
What is the value of -11 + 1 + 2 - (-56 - (-8 + -56))?
-16
What is -11 - 2 - (15 + -18)?
-10
What is the value of -7 - -4 - (-47 - -40)?
4
What is the value of 21 + (-21 - -21) + -7 + 1?
15
1 + 0 + (4 - 31 - -8)
-18
Calculate -14 - (-18 + 2 - 10).
12
What is the value of -12 - (28 + -36 + 12)?
-16
Evaluate 11 + (1 - (-31 + 22)).
21
(-71 - -73) + 4 + 1 + 2 - 35
-26
What is 9 - (29 + -22 + 9 + 9)?
-16
Evaluate -4 + (16 - 8) + 0 + -8 + 26.
22
What is -9 + 1 + -3 + 8?
-3
Evaluate -1 - (0 - 6) - (18 + -15).
2
Calculate 13 - (38 + -16) - -18.
9
0 - (8 + (5 - 14 - 8) - -6)
3
What is the value of -23 + (4 + -27 - -21)?
-25
What is the value of 524 + -468 - (0 - -17)?
39
Calculate -25 - -16 - (-1 + (1 + 4 - 37)).
24
Calculate 0 + (-27 - (6 - 16)).
-17
0 + 7 - (-9 + 6 - -1 - -14)
-5
What is 49 + -67 + -2 + 19?
-1
What is the value of 9 + (10 - (17 + -11)) + -13?
0
22 - ((-8 - -33) + 20)
-23
What is (9 - (6 - 0)) + -24 - -1 - -7?
-13
Evaluate (501 - 545) + (-3 - -36).
-11
-1 + -23 + -3 - -15
-12
9 + -7 + -8 - -1 - 9
-14
9 + 2 + 0 + (-28 - -22)
5
What is 2 - 2 - (9 - (16 + -7 + 4))?
4
7 + (12 - 24) - ((5 - 4) + 14)
-20
Calculate 0 + 8 - (55 + -27 + -16).
-4
Evaluate -6 - (15 - -8 - 35).
6
3 + (-8 - 8) - (-3 - 1)
-9
11 + (-33 - (0 - 34))
12
What is 13 + (2 - -4 - 12)?
7
Calculate 7 - (-3 - -6 - (0 - (0 + 5))).
-1
Evaluate (31 - 27) + (3 - 4).
3
What is the value of (7 + 1 - (5 - 44 - -38)) + -10?
-1
Calculate 6 + (-4 - (9 - (6 - 2))).
-3
Evaluate (15 + 1 - 16) + -6 - (-1 + 3).
-8
-3 + (-20 - (-32 - 9))
18
Calculate (1 - 21) + 604 + -588.
-4
Calculate -30 - (-5 - 14) - (2 - 0).
-13
What is (16 - (-18 + 18)) + -13 - -19?
22
What is -9 + 9 + -3 + (2 - (-5 - 1))?
5
Calculate (-4 + -2 + 4 - -3) + 19 + -16.
4
What is (-6 + 10 - (10 + -13)) + 3?
10
6 + -2 + -2 + 3 + 8 + -8
5
8 + -3 - (-40 - -56)
-11
Calculate -31 - 1 - 2 - -19.
-15
What is the value of -13 + 1 - -7 - -13?
8
What is -13 - (16 - 31) - 14?
-12
Evaluate 34 + -37 + 14 - (5 + -4 + 2).
8
Evaluate 6 + 12 + -4 + -4 - -2.
12
What is the value of -18 - (-38 - (2 - 19))?
3
Evaluate (1 - -6 - -3) + 4 + -8.
6
(-1 - 2 - -4) + (-3 - 9 - -16)
5
Calculate -13 + (24 - -2) + -17.
-4
Calculate -456 + 468 + (0 + -1 - -4).
15
Evaluate (49 + 4 + -13 - 10) + -8.
22
Evaluate 1 + 8 - (-7 + (-12 - -17)).
11
What is (-8 - -19) + -3 + -2 + 1?
7
What is the value of (11 - -5) + (-10 - (-5 - -1))?
10
Evaluate -11 - (-1 - (-5 - -6 - -23)).
14
What is the value of (2 - 7 - -9) + (-4 - (-3 + 9))?
-6
-6 - -1 - (27 - 24 - (10 - -5))
7
What is -1 + (-18 - -16 - 8 - -19)?
8
What is the value of 13 + 2 - (11 - 2) - 17?
-11
Calculate (-16 - -1) + (1 - 37 - -48).
-3
Evaluate (1 + 2 - (-2 - -1)) + -1246 + 1226.
-16
Calculate -31 + 44 + (3 - 28).
-12
Calculate (48 - 42 - (2 - -5)) + 12.
11
Calculate 8 + (-3 - 10) + 5 + -2 - 9.
-11
24 - (5 - 8 - -17)
10
Calculate 1 + (0 + 6 + 0 - 3 - 2).
2
What is (0 - 6 - 2) + -1 - (9 + 0)?
-18
What is the value of -10 + 7 - -9 - (8 + -7)?
5
Evaluate -10 + (-9 + 16 - 0) + (1 - -1).
-1
What is -5 + -14 + 5 + 7 - 1 - -4?
-4
What is the value of 112 + -36 + -40 + -30?
6
Evaluate -1 + 21 - (-193 - -199).
14
-10 - (11 - ((0 - -17) + -10))
-14
What is the value of (-24 - -17) + (5 - 1)?
-3
Calculate 21 + (28 - 65) + 4.
-12
Evaluate -7 - 2 - -6 - (-6 - 1).
4
What is the value of (-52 - -58) + (-7 - 0)?
-1
Evaluate -12 - (3 - (12 + -8)).
-11
Evaluate 0 + 8 - 25 - (16 - 26).
-7
Calculate 49 - 41 - (-4 - 0).
12
-16 + (-18 - -23) + -14 + 2 + 3
-20
Evaluate (4 - (-3 - 5)) + -7 + 1 + -1.
5
Calculate -27 + 35 + (-1 - 22).
-15
What is the value of -1 + 24 + -1178 + 1137?
-18
(3 - 9 - -1 - (-1 + -5)) + 2
3
What is (-2 - (5 - 10)) + 1 + (-8 - -5)?
1
Evaluate (14 - 4) + 25 + -6 - (11 + -1).
19
What is the value of 20 - 11 - (8 + (-18 - -5) - 1)?
15
Calculate (-5 - (-8 - 4) - 3) + 61 + -42.
23
-1 + (-8 - (3 - (-6 - (0 + -6))))
-12
What is -36 + 39 + 0 + -3?
0
Calculate (4 - 70) + (-4 - -40).
-30
Evaluate (3 - (-9 + 7)) + 9 + -1.
13
11 - (-12 - (-11 + 8 + -3))
17
Calculate 1 - 14 - (737 + -723).
-27
0 + (1 - -10) - (-24 + 32 - 16)
19
Calculate (-27 - (24 - 69)) + -31.
-13
What is the value of (412 - 411) + (-3 - -6) + 3?
7
-106 + 116 + (1 - (16 - -1))
-6
Evaluate 0 + 35 + 955 + -982.
8
Calculate 17 + (-7 - -5 - 2) - (11 - 7).
9
Calculate (-6 - (6 + -14)) + (-5 - -4) + -10.
-9
What is (-18 - -1) + -1 + 6 + -6 + 5?
-13
What is 62 - 57 - (0 + 3 + -6)?
8
What is the value of 4 - -32 - (18 + 9 - 13)?
22
Evaluate (-8 - 5) + 14 + 0 - (4 - 0).
-3
What is 4 + 2 + 11 + -6 + -7 + -9?
-5
Evaluate 6 + ((2 - 4) + -27 - (-129 + 120)).
-14
(-6 - ((-2 - -11) + -8)) + -9 + 2
-14
Calculate 0 + -3 + -1 + -40 + 51.
7
Calculate -13 - (-11 + -1 + (258 - 267)).
8
Evaluate 5 + 9 + (-3 - 12) + 8.
7
Calculate -18 + 20 - 7 - (-2 - -2 - -7).
-12
(37 - 1) + 298 + -314
20
(-4 - -1) + (-298 - -300)
-1
Calculate 38 + 0 - (760 - 716).
-6
Calculate (1 - -11) + -4 + 3.
11
(-13 + 13 - (-1 - -10)) + -7
-16
What is the value of (5 - -1 - -1) + (475 - 482) + -10?
-10
Evaluate